[INFO] fetching crate dq 0.1.0...
[INFO] checking dq-0.1.0 against master#cfbc6d4cf1acbac5c025acf8ed68929caa551df3 for pr-75494-beta
[INFO] extracting crate dq 0.1.0 into /workspace/builds/worker-14/source
[INFO] validating manifest of crates.io crate dq 0.1.0 on toolchain cfbc6d4cf1acbac5c025acf8ed68929caa551df3
[INFO] running `Command { std: "/workspace/cargo-home/bin/cargo" "+cfbc6d4cf1acbac5c025acf8ed68929caa551df3" "read-manifest" "--manifest-path" "Cargo.toml", kill_on_drop: false }`
[INFO] started tweaking crates.io crate dq 0.1.0
[INFO] finished tweaking crates.io crate dq 0.1.0
[INFO] tweaked toml for crates.io crate dq 0.1.0 written to /workspace/builds/worker-14/source/Cargo.toml
[INFO] running `Command { std: "/workspace/cargo-home/bin/cargo" "+cfbc6d4cf1acbac5c025acf8ed68929caa551df3" "generate-lockfile" "--manifest-path" "Cargo.toml" "-Zno-index-update", kill_on_drop: false }`
[INFO] running `Command { std: "/workspace/cargo-home/bin/cargo" "+cfbc6d4cf1acbac5c025acf8ed68929caa551df3" "fetch" "--locked" "--manifest-path" "Cargo.toml", kill_on_drop: false }`
[INFO] running `Command { std: "docker" "create" "-v" "/var/lib/crater-agent-workspace/builds/worker-14/target:/opt/rustwide/target:rw,Z" "-v" "/var/lib/crater-agent-workspace/builds/worker-14/source:/opt/rustwide/workdir:ro,Z" "-v" "/var/lib/crater-agent-workspace/cargo-home:/opt/rustwide/cargo-home:ro,Z" "-v" "/var/lib/crater-agent-workspace/rustup-home:/opt/rustwide/rustup-home:ro,Z" "-e" "SOURCE_DIR=/opt/rustwide/workdir" "-e" "CARGO_TARGET_DIR=/opt/rustwide/target" "-e" "CARGO_HOME=/opt/rustwide/cargo-home" "-e" "RUSTUP_HOME=/opt/rustwide/rustup-home" "-w" "/opt/rustwide/workdir" "-m" "1610612736" "--user" "0:0" "--network" "none" "rustops/crates-build-env@sha256:a636fd89d022f18117e1dc8fb37a0a009933cdbbe082814857f0e2024962d47c" "/opt/rustwide/cargo-home/bin/cargo" "+cfbc6d4cf1acbac5c025acf8ed68929caa551df3" "metadata" "--no-deps" "--format-version=1", kill_on_drop: false }`
[INFO] [stdout] 7a40c4c8b31d4eddda98747cbd7606fb93e5d64cbf9a8ae26ef985323f587455
[INFO] [stderr] WARNING: Your kernel does not support swap limit capabilities or the cgroup is not mounted. Memory limited without swap.
[INFO] running `Command { std: "docker" "start" "-a" "7a40c4c8b31d4eddda98747cbd7606fb93e5d64cbf9a8ae26ef985323f587455", kill_on_drop: false }`
[INFO] running `Command { std: "docker" "inspect" "7a40c4c8b31d4eddda98747cbd7606fb93e5d64cbf9a8ae26ef985323f587455", kill_on_drop: false }`
[INFO] running `Command { std: "docker" "rm" "-f" "7a40c4c8b31d4eddda98747cbd7606fb93e5d64cbf9a8ae26ef985323f587455", kill_on_drop: false }`
[INFO] [stdout] 7a40c4c8b31d4eddda98747cbd7606fb93e5d64cbf9a8ae26ef985323f587455
[INFO] running `Command { std: "docker" "create" "-v" "/var/lib/crater-agent-workspace/builds/worker-14/target:/opt/rustwide/target:rw,Z" "-v" "/var/lib/crater-agent-workspace/builds/worker-14/source:/opt/rustwide/workdir:ro,Z" "-v" "/var/lib/crater-agent-workspace/cargo-home:/opt/rustwide/cargo-home:ro,Z" "-v" "/var/lib/crater-agent-workspace/rustup-home:/opt/rustwide/rustup-home:ro,Z" "-e" "SOURCE_DIR=/opt/rustwide/workdir" "-e" "CARGO_TARGET_DIR=/opt/rustwide/target" "-e" "CARGO_INCREMENTAL=0" "-e" "RUST_BACKTRACE=full" "-e" "RUSTFLAGS=--cap-lints=forbid" "-e" "CARGO_HOME=/opt/rustwide/cargo-home" "-e" "RUSTUP_HOME=/opt/rustwide/rustup-home" "-w" "/opt/rustwide/workdir" "-m" "1610612736" "--user" "0:0" "--network" "none" "rustops/crates-build-env@sha256:a636fd89d022f18117e1dc8fb37a0a009933cdbbe082814857f0e2024962d47c" "/opt/rustwide/cargo-home/bin/cargo" "+cfbc6d4cf1acbac5c025acf8ed68929caa551df3" "check" "--frozen" "--all" "--all-targets" "--message-format=json", kill_on_drop: false }`
[INFO] [stdout] 8626ad65a41a1a5323c49e04c631835f694b332310017bebb42d72022c6c6f26
[INFO] [stderr] WARNING: Your kernel does not support swap limit capabilities or the cgroup is not mounted. Memory limited without swap.
[INFO] running `Command { std: "docker" "start" "-a" "8626ad65a41a1a5323c49e04c631835f694b332310017bebb42d72022c6c6f26", kill_on_drop: false }`
[INFO] [stderr]    Compiling autocfg v1.0.1
[INFO] [stderr]    Compiling typenum v1.12.0
[INFO] [stderr]     Checking rand_os v0.1.3
[INFO] [stderr]     Checking rand v0.6.5
[INFO] [stderr]    Compiling num-traits v0.2.12
[INFO] [stderr]    Compiling num-complex v0.2.4
[INFO] [stderr]     Checking approx v0.3.2
[INFO] [stderr]     Checking generic-array v0.12.3
[INFO] [stderr]     Checking alga v0.8.2
[INFO] [stderr]     Checking nalgebra v0.17.3
[INFO] [stderr]     Checking dq v0.1.0 (/opt/rustwide/workdir)
[INFO] [stdout] error[E0432]: unresolved import `num_traits`
[INFO] [stdout]  --> src/dual_quaternion.rs:8:9
[INFO] [stdout]   |
[INFO] [stdout] 8 | pub use num_traits::{One, Zero, Inv, Pow, Signed, Num};
[INFO] [stdout]   |         ^^^^^^^^^^ help: a similar path exists: `self::num_traits`
[INFO] [stdout] 
[INFO] [stdout] 
[INFO] [stdout] error[E0432]: unresolved import `nalgebra`
[INFO] [stdout]  --> src/dual_quaternion.rs:9:5
[INFO] [stdout]   |
[INFO] [stdout] 9 | use nalgebra::{Quaternion, Real, Vector3};
[INFO] [stdout]   |     ^^^^^^^^ help: a similar path exists: `self::nalgebra`
[INFO] [stdout] 
[INFO] [stdout] 
[INFO] [stdout] error[E0432]: unresolved import `approx`
[INFO] [stdout]   --> src/dual_quaternion.rs:13:5
[INFO] [stdout]    |
[INFO] [stdout] 13 | use approx::{RelativeEq, AbsDiffEq};
[INFO] [stdout]    |     ^^^^^^ help: a similar path exists: `self::approx`
[INFO] [stdout] 
[INFO] [stdout] 
[INFO] [stdout] error[E0432]: unresolved import `nalgebra`
[INFO] [stdout]  --> src/screw.rs:4:5
[INFO] [stdout]   |
[INFO] [stdout] 4 | use nalgebra::{Real, Vector3};
[INFO] [stdout]   |     ^^^^^^^^ help: a similar path exists: `self::nalgebra`
[INFO] [stdout] 
[INFO] [stdout] 
[INFO] [stdout] warning: unused import: `crate::screw::Screw`
[INFO] [stdout]   --> src/dual_quaternion.rs:11:5
[INFO] [stdout]    |
[INFO] [stdout] 11 | use crate::screw::Screw;
[INFO] [stdout]    |     ^^^^^^^^^^^^^^^^^^^
[INFO] [stdout]    |
[INFO] [stdout]    = note: `#[warn(unused_imports)]` on by default
[INFO] [stdout] 
[INFO] [stdout] 
[INFO] [stdout] warning: unnecessary parentheses around function argument
[INFO] [stdout]    --> src/dual_quaternion.rs:425:34
[INFO] [stdout]     |
[INFO] [stdout] 425 |         Self::new(self.re.cos(), (-self.re.sin() * self.du))
[INFO] [stdout]     |                                  ^^^^^^^^^^^^^^^^^^^^^^^^^^ help: remove these parentheses
[INFO] [stdout]     |
[INFO] [stdout]     = note: `#[warn(unused_parens)]` on by default
[INFO] [stdout] 
[INFO] [stdout] 
[INFO] [stdout] warning: unused doc comment
[INFO] [stdout]    --> src/dual_quaternion.rs:454:9
[INFO] [stdout]     |
[INFO] [stdout] 454 |         /// todo should re^2 + 1 be sqrt or not?
[INFO] [stdout]     |         ^^^^^^^^^^^^^^^^^^^^^^^^^^^^^^^^^^^^^^^^
[INFO] [stdout] 455 |         let one = Quaternion::<N>::one();
[INFO] [stdout]     |         --------------------------------- rustdoc does not generate documentation for statements
[INFO] [stdout]     |
[INFO] [stdout]     = note: `#[warn(unused_doc_comments)]` on by default
[INFO] [stdout] 
[INFO] [stdout] 
[INFO] [stdout] error: aborting due to 4 previous errors; 3 warnings emitted
[INFO] [stdout] 
[INFO] [stdout] 
[INFO] [stdout] For more information about this error, try `rustc --explain E0432`.
[INFO] [stdout] 
[INFO] [stdout] error[E0432]: unresolved import `num_traits`
[INFO] [stdout]  --> src/dual_quaternion.rs:8:9
[INFO] [stdout]   |
[INFO] [stdout] 8 | pub use num_traits::{One, Zero, Inv, Pow, Signed, Num};
[INFO] [stdout]   |         ^^^^^^^^^^ help: a similar path exists: `self::num_traits`
[INFO] [stdout] 
[INFO] [stdout] 
[INFO] [stdout] error[E0432]: unresolved import `nalgebra`
[INFO] [stdout]  --> src/dual_quaternion.rs:9:5
[INFO] [stdout]   |
[INFO] [stdout] 9 | use nalgebra::{Quaternion, Real, Vector3};
[INFO] [stdout]   |     ^^^^^^^^ help: a similar path exists: `self::nalgebra`
[INFO] [stdout] 
[INFO] [stdout] 
[INFO] [stdout] error[E0432]: unresolved import `approx`
[INFO] [stdout]   --> src/dual_quaternion.rs:13:5
[INFO] [stdout]    |
[INFO] [stdout] 13 | use approx::{RelativeEq, AbsDiffEq};
[INFO] [stdout]    |     ^^^^^^ help: a similar path exists: `self::approx`
[INFO] [stdout] 
[INFO] [stdout] 
[INFO] [stdout] error[E0432]: unresolved import `nalgebra`
[INFO] [stdout]  --> src/screw.rs:4:5
[INFO] [stdout]   |
[INFO] [stdout] 4 | use nalgebra::{Real, Vector3};
[INFO] [stdout]   |     ^^^^^^^^ help: a similar path exists: `self::nalgebra`
[INFO] [stdout] 
[INFO] [stdout] 
[INFO] [stderr] error: could not compile `dq`.
[INFO] [stderr] 
[INFO] [stderr] To learn more, run the command again with --verbose.
[INFO] [stderr] warning: build failed, waiting for other jobs to finish...
[INFO] [stdout] warning: unused import: `crate::screw::Screw`
[INFO] [stdout]   --> src/dual_quaternion.rs:11:5
[INFO] [stdout]    |
[INFO] [stdout] 11 | use crate::screw::Screw;
[INFO] [stdout]    |     ^^^^^^^^^^^^^^^^^^^
[INFO] [stdout]    |
[INFO] [stdout]    = note: `#[warn(unused_imports)]` on by default
[INFO] [stdout] 
[INFO] [stdout] 
[INFO] [stdout] warning: unnecessary parentheses around function argument
[INFO] [stdout]    --> src/dual_quaternion.rs:425:34
[INFO] [stdout]     |
[INFO] [stdout] 425 |         Self::new(self.re.cos(), (-self.re.sin() * self.du))
[INFO] [stdout]     |                                  ^^^^^^^^^^^^^^^^^^^^^^^^^^ help: remove these parentheses
[INFO] [stdout]     |
[INFO] [stdout]     = note: `#[warn(unused_parens)]` on by default
[INFO] [stdout] 
[INFO] [stdout] 
[INFO] [stdout] warning: unused doc comment
[INFO] [stdout]    --> src/dual_quaternion.rs:454:9
[INFO] [stdout]     |
[INFO] [stdout] 454 |         /// todo should re^2 + 1 be sqrt or not?
[INFO] [stdout]     |         ^^^^^^^^^^^^^^^^^^^^^^^^^^^^^^^^^^^^^^^^
[INFO] [stdout] 455 |         let one = Quaternion::<N>::one();
[INFO] [stdout]     |         --------------------------------- rustdoc does not generate documentation for statements
[INFO] [stdout]     |
[INFO] [stdout]     = note: `#[warn(unused_doc_comments)]` on by default
[INFO] [stdout] 
[INFO] [stdout] 
[INFO] [stdout] error: aborting due to 4 previous errors; 3 warnings emitted
[INFO] [stdout] 
[INFO] [stdout] 
[INFO] [stdout] For more information about this error, try `rustc --explain E0432`.
[INFO] [stdout] 
[INFO] [stderr] error: build failed
[INFO] running `Command { std: "docker" "inspect" "8626ad65a41a1a5323c49e04c631835f694b332310017bebb42d72022c6c6f26", kill_on_drop: false }`
[INFO] running `Command { std: "docker" "rm" "-f" "8626ad65a41a1a5323c49e04c631835f694b332310017bebb42d72022c6c6f26", kill_on_drop: false }`
[INFO] [stdout] 8626ad65a41a1a5323c49e04c631835f694b332310017bebb42d72022c6c6f26
